{"id":8,"date":"2013-08-19T16:00:29","date_gmt":"2013-08-19T15:00:29","guid":{"rendered":"http:\/\/www.miss-sophie.org\/?page_id=8"},"modified":"2022-04-19T20:08:25","modified_gmt":"2022-04-19T19:08:25","slug":"wir-heisen-sie-herzlich-willkommen","status":"publish","type":"page","link":"https:\/\/www.miss-sophie.org\/","title":{"rendered":"Herzlich willkommen&#8230;"},"content":{"rendered":"<p><strong>\u2026auf \u201cMiss Sophies&#8220; Seite.<\/strong><\/p>\n<p><a href=\"https:\/\/www.miss-sophie.org\/wp-content\/uploads\/2019\/09\/Tigermotte-10sw.jpg\"><img loading=\"lazy\" decoding=\"async\" class=\"aligncenter size-medium wp-image-545\" src=\"https:\/\/www.miss-sophie.org\/wp-content\/uploads\/2019\/09\/Tigermotte-10sw-300x200.jpg\" alt=\"\" width=\"300\" height=\"200\" srcset=\"https:\/\/www.miss-sophie.org\/wp-content\/uploads\/2019\/09\/Tigermotte-10sw-300x200.jpg 300w, https:\/\/www.miss-sophie.org\/wp-content\/uploads\/2019\/09\/Tigermotte-10sw-768x512.jpg 768w, https:\/\/www.miss-sophie.org\/wp-content\/uploads\/2019\/09\/Tigermotte-10sw-1024x683.jpg 1024w, https:\/\/www.miss-sophie.org\/wp-content\/uploads\/2019\/09\/Tigermotte-10sw.jpg 1195w\" sizes=\"auto, (max-width: 300px) 100vw, 300px\" \/><\/a><\/p>\n<p>Erfahrt auf diesen Seiten mehr \u00fcber ein au\u00dfergew\u00f6hnliches \u201eEnglisches Fr\u00e4ulein\u201d, das seit \u00fcber 80 Jahren fast \u00fcberall auf der Welt im Luftraum&nbsp; zu Hause ist. Wir w\u00fcnschen Euch einen angenehmen, kurzweiligen Aufenthalt auf diesen Seiten.<\/p>\n<p><a href=\"https:\/\/www.miss-sophie.org\/wp-content\/uploads\/2013\/08\/Dinner_for_One_im_WDR-1022x1024.jpg\"><img loading=\"lazy\" decoding=\"async\" class=\" wp-image-460 aligncenter\" src=\"https:\/\/www.miss-sophie.org\/wp-content\/uploads\/2013\/08\/Dinner_for_One_im_WDR-1022x1024-300x300.jpg\" alt=\"Dinner_for_One_im_WDR-1022x1024\" width=\"346\" height=\"346\" srcset=\"https:\/\/www.miss-sophie.org\/wp-content\/uploads\/2013\/08\/Dinner_for_One_im_WDR-1022x1024-300x300.jpg 300w, https:\/\/www.miss-sophie.org\/wp-content\/uploads\/2013\/08\/Dinner_for_One_im_WDR-1022x1024-150x150.jpg 150w, https:\/\/www.miss-sophie.org\/wp-content\/uploads\/2013\/08\/Dinner_for_One_im_WDR-1022x1024.jpg 1022w\" sizes=\"auto, (max-width: 346px) 100vw, 346px\" \/><\/a><\/p>\n","protected":false},"excerpt":{"rendered":"<p>\u2026auf \u201cMiss Sophies&#8220; Seite. Erfahrt auf diesen Seiten mehr \u00fcber ein au\u00dfergew\u00f6hnliches \u201eEnglisches Fr\u00e4ulein\u201d, das seit \u00fcber 80 Jahren fast \u00fcberall auf der Welt im Luftraum&nbsp; zu Hause ist. Wir w\u00fcnschen Euch einen angenehmen, kurzweiligen Aufenthalt auf diesen Seiten.<\/p>\n","protected":false},"author":3,"featured_media":0,"parent":0,"menu_order":1,"comment_status":"closed","ping_status":"closed","template":"","meta":{"footnotes":""},"class_list":["post-8","page","type-page","status-publish","hentry"],"_links":{"self":[{"href":"https:\/\/www.miss-sophie.org\/index.php?rest_route=\/wp\/v2\/pages\/8","targetHints":{"allow":["GET"]}}],"collection":[{"href":"https:\/\/www.miss-sophie.org\/index.php?rest_route=\/wp\/v2\/pages"}],"about":[{"href":"https:\/\/www.miss-sophie.org\/index.php?rest_route=\/wp\/v2\/types\/page"}],"author":[{"embeddable":true,"href":"https:\/\/www.miss-sophie.org\/index.php?rest_route=\/wp\/v2\/users\/3"}],"replies":[{"embeddable":true,"href":"https:\/\/www.miss-sophie.org\/index.php?rest_route=%2Fwp%2Fv2%2Fcomments&post=8"}],"version-history":[{"count":3,"href":"https:\/\/www.miss-sophie.org\/index.php?rest_route=\/wp\/v2\/pages\/8\/revisions"}],"predecessor-version":[{"id":824,"href":"https:\/\/www.miss-sophie.org\/index.php?rest_route=\/wp\/v2\/pages\/8\/revisions\/824"}],"wp:attachment":[{"href":"https:\/\/www.miss-sophie.org\/index.php?rest_route=%2Fwp%2Fv2%2Fmedia&parent=8"}],"curies":[{"name":"wp","href":"https:\/\/api.w.org\/{rel}","templated":true}]}}