{"id":301,"date":"2013-08-19T20:56:13","date_gmt":"2013-08-19T19:56:13","guid":{"rendered":"http:\/\/www.miss-sophie.org\/?page_id=301"},"modified":"2026-02-05T17:20:09","modified_gmt":"2026-02-05T16:20:09","slug":"befreundete-piloten","status":"publish","type":"page","link":"https:\/\/www.miss-sophie.org\/?page_id=301","title":{"rendered":"Befreundete Piloten"},"content":{"rendered":"\n<div class=\"wp-block-columns is-layout-flex wp-container-core-columns-is-layout-9d6595d7 wp-block-columns-is-layout-flex\">\n<div class=\"wp-block-column is-layout-flow wp-block-column-is-layout-flow\" style=\"flex-basis:100%\">\n<div class=\"wp-block-group\"><div class=\"wp-block-group__inner-container is-layout-constrained wp-block-group-is-layout-constrained\">\n<p><a href=\"https:\/\/www.miss-sophie.org\/wp-content\/uploads\/2013\/08\/redmoth1_180.jpg\"><img loading=\"lazy\" decoding=\"async\" style=\"background-image: none; margin: 0px 0px 0px 10px; padding-left: 0px; padding-right: 0px; display: inline; float: right; padding-top: 0px; border: 0px;\" title=\"redmoth1_180\" src=\"https:\/\/www.miss-sophie.org\/wp-content\/uploads\/2013\/08\/redmoth1_180_thumb.jpg\" alt=\"redmoth1_180\" width=\"237\" height=\"130\" align=\"right\" border=\"0\"><\/a><em><strong>Seit wir mit unserer Motte durch die Lande kutschieren, haben wir viele nette Leute kennen gelernt. Einige, die uns ein St\u00fcck begleitet haben, wollen wir hier vorstellen.<\/strong><\/em><\/p>\n\n\n\n<p>Da sind zun\u00e4chst einmal die <strong>Fliegerkameraden aus Gelnhausn<\/strong> genannt. Seit 1955 erfahrene Tiger-Piloten. Rein zuf\u00e4llig haben wir bei unserem \u00dcberf\u00fchrungsflug vom holl\u00e4ndischen Middelburg in Gelnhausen unseren zweiten Tankstopp eingelegt. Wir fanden dort hilfreiche H\u00e4nde, Ratschl\u00e4ge und echte Freundschaften die heutzutage selten geworden sind. Mike, der unumstrittene Mottenpapst, Manfred der mit uns die letzte Zollschraube teilen w\u00fcrde, Gerd der immer ein Sp\u00e4\u00dfchen auf den Lippen hat, Armin der Cherusker, Axel Schwei\u00df, Horst und Gerald\u2020&nbsp; die Do27 Experten. In Gelnhausen waren damals&nbsp;zwei Motten stationiert. Heute keine mehr.<\/p>\n\n\n\n<p>Durch seinen Charme von uns<a href=\"https:\/\/www.miss-sophie.org\/wp-content\/uploads\/2013\/08\/redmoth2_180.jpg\"><img loading=\"lazy\" decoding=\"async\" title=\"redmoth2_180\" width=\"215\" height=\"177\" align=\"left\" border=\"0\" hspace=\"0\" style=\"background-image: none; float: left; padding-top: 0px; padding-left: 0px; display: inline; padding-right: 0px; border: 0px;\" src=\"https:\/\/www.miss-sophie.org\/wp-content\/uploads\/2013\/08\/redmoth2_180_thumb.jpg\" alt=\"redmoth2_180\"><\/a>eren M\u00e4dels verg\u00f6ttert, einsame Spitze als Fl\u00fcgelmann bei unseren ersten Verbandsflugversuchen, ein guter Lehrmeister und ein echter Freund. <strong>Hartmut aus M\u00fcnchen<\/strong>. Seine Motte hatte den beneidenswertesten Hallenplatz. Sie war in den Wintermonaten im Luftfahrtmuseum in\u00a0Oberschlei\u00dfheim zu bestaunen. Nicht zu vergessen, <strong>Guido, sein Co<\/strong> und Navigator auf vielen Reisen. Heute ist die D-EHHT in Hirzenhain stationiert und tr\u00e4gt den Namen Sir Hartmut. Welche Ehre!<\/p>\n\n\n<div class=\"wp-block-image\">\n<figure class=\"alignleft\"><a href=\"https:\/\/www.miss-sophie.org\/wp-content\/uploads\/2013\/08\/martin_180.jpg\"><img decoding=\"async\" src=\"https:\/\/www.miss-sophie.org\/wp-content\/uploads\/2013\/08\/martin_180_thumb.jpg\" alt=\"martin_180\" title=\"martin_180\"\/><\/a><\/figure>\n<\/div>\n\n\n<p><strong>Martins<\/strong> Motte ist zwei Tankf\u00fcllungen von uns entfernt stationiert. Deshalb sehen wir uns nicht so h\u00e4ufig. Es ist deshalb immer ein gro\u00dfes Hallo, wenn wir uns auf irgend einer Graspiste trefen.<a href=\"https:\/\/www.miss-sophie.org\/wp-content\/uploads\/2013\/08\/oberschleissheim_180.jpg\"><img loading=\"lazy\" decoding=\"async\" title=\"oberschleissheim_180\" width=\"215\" height=\"154\" align=\"right\" border=\"0\" hspace=\"0\" style=\"background-image: none; float: right; padding-top: 0px; padding-left: 0px; margin: 0px 0px 0px 10px; display: inline; padding-right: 0px; border: 0px;\" src=\"https:\/\/www.miss-sophie.org\/wp-content\/uploads\/2013\/08\/oberschleissheim_180_thumb.jpg\" alt=\"oberschleissheim_180\"><\/a><\/p>\n\n\n\n<p><strong>Klaus<\/strong>, Martins Co auf langen Strecken, w\u00fcnschen wir, dass sich seine Klemm bald wieder in die L\u00fcfte erheben kann.<\/p>\n\n\n\n<p><\/p>\n\n\n\n<p><strong>David<\/strong> hat das Mottenfieber 2002 gepackt. Auch er hat seine Tiger in Holland erstanden. Sie sieht unserer Sophie ziemlich \u00e4hnlich und ist in Nieder\u00f6blan stationiert. <a href=\"https:\/\/www.miss-sophie.org\/wp-content\/uploads\/2013\/08\/miss_lucy_180.jpg\"><img loading=\"lazy\" decoding=\"async\" style=\"background-image: none; float: right; padding-top: 0px; padding-left: 0px; margin: 0px 0px 0px 10px; display: inline; padding-right: 0px; border: 0px;\" title=\"miss_lucy_180\" src=\"https:\/\/www.miss-sophie.org\/wp-content\/uploads\/2013\/08\/miss_lucy_180_thumb.jpg\" alt=\"miss_lucy_180\" width=\"215\" height=\"170\" align=\"right\" border=\"0\" hspace=\"0\"><\/a>So hat David beschlossen das gute St\u00fcck <em><strong>Miss Lucy<\/strong><\/em> zu nennen. Anl\u00e4sslich des Flugtages 2003 in Lauf wurde Miss Sophies Schwester standesgem\u00e4\u00df mit einem berauschenden Fest, viel Sekt und dicken Zigarren getauft.<\/p>\n\n\n\n<p>Im August 2003 lernten wir <strong>Klaus \u2020&nbsp;<\/strong> mit seiner silbernen Motte kennen. Er ist mit Co <strong>J\u00fcrgen<\/strong> <strong>\u2020<\/strong> zum Sophietreffen extra <strong>aus Borken<\/strong> angereist. Dank seines Langstreckentanks sogar ohne Zwischenstopp. Seine<a href=\"https:\/\/www.miss-sophie.org\/wp-content\/uploads\/2013\/08\/flz_gapihmini_180.jpg\"><img loading=\"lazy\" decoding=\"async\" title=\"flz_gapihmini_180\" width=\"215\" height=\"163\" align=\"left\" border=\"0\" hspace=\"0\" style=\"background-image: none; float: left; padding-top: 0px; padding-left: 0px; display: inline; padding-right: 0px; border: 0px;\" src=\"https:\/\/www.miss-sophie.org\/wp-content\/uploads\/2013\/08\/flz_gapihmini_180_thumb.jpg\" alt=\"flz_gapihmini_180\"><\/a> 2001 grund\u00fcberholte Motte tr\u00e4gt die Aufschrift <em>&#8222;Klaus, fly high and safe an live your dream today&#8220;<\/em> Wie wahr, wie wahr! Sie fliegt jetzt wieder in England.<\/p>\n\n\n\n<p><\/p>\n\n\n\n<p>Da gibt es noch <strong>Walter aus Hof<\/strong>, mit seiner B\u00fccker 131 die er selbst aus Spanien \u00fcberf\u00fchrt hat. Ein ruhiger, netter Kerl, den man auf so manchem Oldtimertreffen antrifft. Er fliegt nicht um gesehen zu werden, sondern weil es ihm sichtlich Spa\u00df bereitet. Hier im Bild zusammen mit der \u201ekleinen Piper\u201c aus Rosenthal. Walters B\u00fccker ist mittlerweile zu Maxi nach Neustadt Aisch umgezogen.<\/p>\n\n\n\n<figure class=\"wp-block-image\"><a href=\"https:\/\/www.miss-sophie.org\/wp-content\/uploads\/2013\/08\/verband_180.jpg\"><img decoding=\"async\" src=\"https:\/\/www.miss-sophie.org\/wp-content\/uploads\/2013\/08\/verband_180_thumb.jpg\" alt=\"verband_180\" title=\"verband_180\"\/><\/a><\/figure>\n\n\n\n<p><\/p>\n\n\n\n<p><a href=\"https:\/\/www.miss-sophie.org\/wp-content\/uploads\/2013\/08\/flz_emer_180.jpg\"><img loading=\"lazy\" decoding=\"async\" title=\"flz_emer_180\" width=\"180\" height=\"94\" align=\"left\" border=\"0\" style=\"background-image: none; float: left; padding-top: 0px; padding-left: 0px; margin: 0px 10px 0px 0px; display: inline; padding-right: 0px; border: 0px;\" src=\"https:\/\/www.miss-sophie.org\/wp-content\/uploads\/2013\/08\/flz_emer_180_thumb.jpg\" alt=\"flz_emer_180\"><\/a>&nbsp;<strong>\u2020 Helmut Holfelder \u2020<\/strong>&nbsp;ein geradliniger, konsequenter Typ, dessen Hilfsbereitschaft keine Grenzen kannte. Er hatte lange Zeit in Rosenthal den Hallenplatz neben unserer Sophie. Sein gr\u00f6\u00dfter Fehler im Leben war wohl, diese wundersch\u00f6ne Emeraude zu verkaufen die uns h\u00e4ufig begleitete und ab und zu auch mal als Transportflugzeug diente. Helmut wurde &#8211; f\u00fcr uns unfassbar &#8211; bei einem tragischen Motorradunfall am 2. Juni 2005 auf dem Weg zum Flugplatz viel zu fr\u00fch aus dem Leben gerissen.<\/p>\n\n\n\n<p>Der <strong>Piper-Karl<\/strong>, ein Vagabund der L\u00fcfte. Mit seiner Pa 18 <a href=\"https:\/\/www.miss-sophie.org\/wp-content\/uploads\/2013\/08\/piperkarl_180.jpg\"><img loading=\"lazy\" decoding=\"async\" title=\"piperkarl_180\" width=\"180\" height=\"120\" align=\"right\" border=\"0\" style=\"background-image: none; float: right; padding-top: 0px; padding-left: 0px; margin: 0px 0px 0px 10px; display: inline; padding-right: 0px; border: 0px;\" src=\"https:\/\/www.miss-sophie.org\/wp-content\/uploads\/2013\/08\/piperkarl_180_thumb.jpg\" alt=\"piperkarl_180\"><\/a>hat er bereits halb Europa bereist. Das AIP-Anflugblatt auf einer W\u00e4scheleine im Cockpit befestigt und immer sein beschaltes Pl\u00fcsch-Maskottchen auf dem R\u00fccksitz. Man trifft den immer gut gelaunten Schwaben dort, wo fliegerisch was geboten wird. Und geht mal in abendlicher Runde der \u201eStoff\u201c aus, so teilt Karl schon mal seinen edelsten Tropfen Wein mit Freunden. Wenn auch z\u00e4hneknirschend. Seine Piper wurde grund\u00fcberholt und wird jetzt von seinem Sohn geflogen. <\/p>\n<\/div><\/div>\n<\/div>\n<\/div>\n","protected":false},"excerpt":{"rendered":"<p>Seit wir mit unserer Motte durch die Lande kutschieren, haben wir viele nette Leute kennen gelernt. Einige, die uns ein St\u00fcck begleitet haben, wollen wir hier vorstellen. Da sind zun\u00e4chst einmal die Fliegerkameraden aus Gelnhausn genannt. Seit 1955 erfahrene Tiger-Piloten. Rein zuf\u00e4llig haben wir bei unserem \u00dcberf\u00fchrungsflug vom holl\u00e4ndischen Middelburg in Gelnhausen unseren zweiten Tankstopp &hellip; <a class=\"read-excerpt\" href=\"https:\/\/www.miss-sophie.org\/?page_id=301\">Weiterlesen <span class=\"meta-nav\">&raquo;<\/span><\/a><\/p>\n","protected":false},"author":3,"featured_media":0,"parent":0,"menu_order":6,"comment_status":"closed","ping_status":"closed","template":"","meta":{"footnotes":""},"class_list":["post-301","page","type-page","status-publish","hentry"],"_links":{"self":[{"href":"https:\/\/www.miss-sophie.org\/index.php?rest_route=\/wp\/v2\/pages\/301","targetHints":{"allow":["GET"]}}],"collection":[{"href":"https:\/\/www.miss-sophie.org\/index.php?rest_route=\/wp\/v2\/pages"}],"about":[{"href":"https:\/\/www.miss-sophie.org\/index.php?rest_route=\/wp\/v2\/types\/page"}],"author":[{"embeddable":true,"href":"https:\/\/www.miss-sophie.org\/index.php?rest_route=\/wp\/v2\/users\/3"}],"replies":[{"embeddable":true,"href":"https:\/\/www.miss-sophie.org\/index.php?rest_route=%2Fwp%2Fv2%2Fcomments&post=301"}],"version-history":[{"count":5,"href":"https:\/\/www.miss-sophie.org\/index.php?rest_route=\/wp\/v2\/pages\/301\/revisions"}],"predecessor-version":[{"id":1029,"href":"https:\/\/www.miss-sophie.org\/index.php?rest_route=\/wp\/v2\/pages\/301\/revisions\/1029"}],"wp:attachment":[{"href":"https:\/\/www.miss-sophie.org\/index.php?rest_route=%2Fwp%2Fv2%2Fmedia&parent=301"}],"curies":[{"name":"wp","href":"https:\/\/api.w.org\/{rel}","templated":true}]}}